{"id":13309,"date":"2018-06-22T03:48:31","date_gmt":"2018-06-22T03:48:31","guid":{"rendered":"https:\/\/www.reinoanimal.com.mx\/eng\/?page_id=13309"},"modified":"2018-06-22T04:51:27","modified_gmt":"2018-06-22T04:51:27","slug":"aviso-privacidad","status":"publish","type":"page","link":"https:\/\/www.reinoanimal.com.mx\/eng\/aviso-privacidad\/","title":{"rendered":"Aviso de privacidad"},"content":{"rendered":"<p>[vc_row full_width=&#8221;stretch_row_content_no_spaces&#8221;][vc_column offset=&#8221;vc_hidden-xs&#8221;][vc_single_image image=&#8221;13310&#8243; img_size=&#8221;full&#8221;][\/vc_column][\/vc_row][vc_row full_width=&#8221;stretch_row_content_no_spaces&#8221;][vc_column offset=&#8221;vc_hidden-lg vc_hidden-md vc_hidden-sm&#8221;][vc_single_image image=&#8221;13311&#8243; img_size=&#8221;full&#8221;][\/vc_column][\/vc_row][vc_row][vc_column][vc_column_text]HACIENDA METEPEC S.A. DE C.V. (\u201cREINO ANIMAL\u201d), con domicilio en Camino a Bel\u00e9n Santa Mar\u00eda s\/n Oxtotipac, Municipio de Otumba, C.P. 55908, Estado de M\u00e9xico, es responsable de recabar sus datos personas, del uso que se le d\u00e9 a los mismos y de su protecci\u00f3n. De conformidad con lo dispuesta en la Ley Federal de Protecci\u00f3n de Satos Personales en Posesi\u00f3n de los Particulares, REINO ANIAL cuenta con todas las medidas de seguridad f\u00edsicas, t\u00e9cnicas y administrativas adecuadas para proteger sus datos personales. Bajo ninguna circunstancia comercializaremos sus datos personales sin su consentimiento previo y por escrito.<\/p>\n<p>Su informaci\u00f3n personal ser\u00e1 utilizada de la forma se\u00f1alada en la Ley Federal de Datos Personales en Posesi\u00f3n de los Particulares y su Reglamento. Espec\u00edficamente, en el caso de clientes y socios de negocios, su informaci\u00f3n personal ser\u00e1 utilizada proveer servicios de entretenimiento, restaurante y actividades del parque; establecer contacto telef\u00f3nico y\/o enviar informaci\u00f3n por medios electr\u00f3nicos a cerca de promociones, actividades, eventos e informaci\u00f3n en general sobre el parque o cualquier actividad an\u00e1loga a las anteriores; en el caso de proveedores, su informaci\u00f3n personal ser\u00e1 utilizada para obtener cotizaciones, enviar pedidos, efectuar pagos, responder sobre ofertas, as\u00ed como para la contrataci\u00f3n de servicios y productos relacionados con las actividades de REINO ANIMAL, o cualquier actividad an\u00e1loga a las anteriores y, en el caso de los empleados su informaci\u00f3n personal ser\u00e1 utilizada con fines de selecci\u00f3n y contrataci\u00f3n de personal, o cualquier actividad an\u00e1loga a las anteriores.<\/p>\n<p>Asimismo, al proporcionar sus datos, Usted autoriza a REINO ANIMAL, su utilizaci\u00f3n con fines mercadot\u00e9cnicos, estad\u00edsticos, promocionales, publicitarios, informativos o de prospecci\u00f3n comercial respecto a las actividades de REINO ANIMAL, sus filiales, subsidiarias y\/o socios de negocios y otras actividades relacionadas con la promoci\u00f3n de productos y servicios que dichas entidades comercializan. Para las finalidades antes mencionadas, requerimos obtener datos personales tales como nombre, edad, direcci\u00f3n de correo electr\u00f3nico, n\u00famero telef\u00f3nico, domicilio, antecedentes laborales, referencias personales y laborales. En caso que alguno de los datos proporcionados llegase a ser considerado como sensible bajo la Ley Federal de Protecci\u00f3n de Datos Personales en Posesi\u00f3n de los Particulares, dichos datos recibir\u00e1n el tratamiento que les corresponda bajo dicha Ley.<br \/>\nUsted tiene derecho de acceder, rectificar y cancelar sus datos personales, as\u00ed como de oponerse al tratamiento de los mismos o revocar el consentimiento que para tal fin nos haya otorgado, mediante comunicaci\u00f3n escrita, se\u00f1alando el nombre del titular y domicilio u otro medio de comunicarle la respuesta a su solicitud, documentaci\u00f3n que acredite su identidad o en su caso la representaci\u00f3n legal del titular de los datos, la descripci\u00f3n clara y precisa de los datos personales respecto de los que se busca ejercer alguno de los derechos antes mencionados, los elementos y\/o documentos que faciliten la localizaci\u00f3n de los datos personales, y los requisitos previstos para el ejercicio de los derechos ARCO en la Ley Federal de Protecci\u00f3n de Datos Personales en Posesi\u00f3n de los Particulares y su Reglamento. La comunicaci\u00f3n deber\u00e1 estar dirigida al Departamento de Datos Personales de REINO ANIMAL y podr\u00e1 entregarse en el domicilio de REINO ANIMAL antes indicado o enviarse al siguiente correo electr\u00f3nico: contacto@34.195.91.240<br \/>\nAsimismo le informamos que REINO ANIMAL no transfiere sus datos a terceros en forma alguna. Lo anterior, sin perjuicio de las remisiones de datos que REINO ANIMAL hace a sus encargados que le apoyan en cuestiones de manejo y almacenamiento de bases de datos, registro estad\u00edstico, recursos humanos, ventas, distribuci\u00f3n, administraci\u00f3n y contabilidad de la empresa, servicios de mercadotecnia digital, env\u00edo de informaci\u00f3n, avisos y promociones as\u00ed como entrega de producto o prestaci\u00f3n de alg\u00fan servicio.<\/p>\n<p>Si usted desea dejar de recibir mensajes promocionales de nuestra parte puede solicitarlo a trav\u00e9s del Departamento de Datos Personales al correo electr\u00f3nico: contacto@34.195.91.240[\/vc_column_text][\/vc_column][\/vc_row][vc_row full_width=&#8221;stretch_row_content_no_spaces&#8221; el_id=&#8221;bg-footer &#8220;][vc_column css=&#8221;.vc_custom_1529518089963{margin-bottom: 0px !important;}&#8221;][vc_single_image image=&#8221;12870&#8243; img_size=&#8221;full&#8221; css=&#8221;.vc_custom_1529519471173{margin-bottom: 0px !important;}&#8221;][\/vc_column][\/vc_row]<\/p>\n","protected":false},"excerpt":{"rendered":"<p>[vc_row full_width=&#8221;stretch_row_content_no_spaces&#8221;][vc_column offset=&#8221;vc_hidden-xs&#8221;][vc_single_image image=&#8221;13310&#8243; img_size=&#8221;full&#8221;][\/vc_column][\/vc_row][vc_row full_width=&#8221;stretch_row_content_no_spaces&#8221;][vc_column offset=&#8221;vc_hidden-lg vc_hidden-md vc_hidden-sm&#8221;][vc_single_image image=&#8221;13311&#8243; img_size=&#8221;full&#8221;][\/vc_column][\/vc_row][vc_row][vc_column][vc_column_text]HACIENDA METEPEC S.A. DE C.V. (\u201cREINO ANIMAL\u201d), con domicilio en Camino a Bel\u00e9n Santa Mar\u00eda s\/n Oxtotipac, Municipio de Otumba, C.P. 55908, Estado de M\u00e9xico, es responsable de recabar sus datos personas, del uso que se le d\u00e9 a los mismos y de su protecci\u00f3n. [&hellip;]<\/p>\n","protected":false},"author":1,"featured_media":0,"parent":0,"menu_order":0,"comment_status":"closed","ping_status":"closed","template":"","meta":{"footnotes":""},"class_list":["post-13309","page","type-page","status-publish","hentry"],"_links":{"self":[{"href":"https:\/\/www.reinoanimal.com.mx\/eng\/wp-json\/wp\/v2\/pages\/13309","targetHints":{"allow":["GET"]}}],"collection":[{"href":"https:\/\/www.reinoanimal.com.mx\/eng\/wp-json\/wp\/v2\/pages"}],"about":[{"href":"https:\/\/www.reinoanimal.com.mx\/eng\/wp-json\/wp\/v2\/types\/page"}],"author":[{"embeddable":true,"href":"https:\/\/www.reinoanimal.com.mx\/eng\/wp-json\/wp\/v2\/users\/1"}],"replies":[{"embeddable":true,"href":"https:\/\/www.reinoanimal.com.mx\/eng\/wp-json\/wp\/v2\/comments?post=13309"}],"version-history":[{"count":3,"href":"https:\/\/www.reinoanimal.com.mx\/eng\/wp-json\/wp\/v2\/pages\/13309\/revisions"}],"predecessor-version":[{"id":13331,"href":"https:\/\/www.reinoanimal.com.mx\/eng\/wp-json\/wp\/v2\/pages\/13309\/revisions\/13331"}],"wp:attachment":[{"href":"https:\/\/www.reinoanimal.com.mx\/eng\/wp-json\/wp\/v2\/media?parent=13309"}],"curies":[{"name":"wp","href":"https:\/\/api.w.org\/{rel}","templated":true}]}}